 2*m + 3. Let o(j) = -4*j**3 - 3*j**2 + 3*j + 2. Let k(f) = 3*a(f) - 2*o(f). Suppose 3*r - 2*r = 1. Let n = 1 - r. Calculate k(n).
5
Let u(i) = 5 - 4*i - 2*i - i + i**2 + 2*i. Let z(d) = d**3 - 6*d**2 + 6*d - 4. Let f be z(5). Let p be (-5)/f*(1 - 2). What is u(p)?
5
Suppose 2 + 1 = -3*y. Let l(a) = -2 + 8*a + 3 + 0. Determine l(y).
-7
Let b(v) = v**2 - 5*v + 6. Let g(r) = -r**2 - 4*r + 5. Let k be g(-4). Give b(k).
6
Let v(q) = 5*q - 11*q - 4 + 4*q + 3. What is v(-1)?
1
Let n(g) be the second derivative of 5*g**3/6 - g**2/2 + 15*g. What is n(1)?
4
Let r(j) = j**2 - 7*j + 4. Let w be r(5). Let y = -9 - w. Let k(h) = -h**2 - 5*h - 3. What is k(y)?
3
Let d(t) = -2 + 9*t**2 - 7*t**2 - 3*t**2 + 3*t. Give d(2).
0
Let p(x) be the first derivative of -3*x**4/4 + 2*x**3/3 - x + 5. Let i be p(-1). Let q(y) = y**2 - 2*y - 2. What is q(i)?
6
Let v(x) be the first derivative of 6 + 3*x - 3/2*x**2. Give v(2).
-3
Let t be 1*(1*-2 + 1). Suppose 1 = -4*o - g, 2*o - 4*o - 3*g - 3 = 0. Let j(p) = 1 + o - 2 + 3*p - p**2 - 5*p. Determine j(t).
0
Suppose 3*h + 17 = -5*s, -10 = h + 5*s + 9. Let o be (-1)/2 - (-6)/4. Let u(w) = -2*w + 0*w - o - 3*w. Determine u(h).
-6
Let r = -2 + 5. Let q(z) = 2 - 1 + r*z - z**2 - 2*z. Suppose 0 = -4*j - 0*j - 2*a + 2, 10 = 2*a. Calculate q(j).
-5
Let k(d) = 3*d - 3. Let j(y) = 4*y - 4. Let a(w) = 4*j(w) - 5*k(w). Let v be 42/8 - 3/12. Suppose 2*h + v*m = 23, -4*m = -13 + 1. Calculate a(h).
3
Let i(n) be the first derivative of n**2/2 - 7*n - 19. Let w(p) = -p**2 + 5*p + 6. Let g be w(6). Calculate i(g).
-7
Let s(g) = -3*g + 6. Let v be s(3). Let q(i) = -i - 1. Let p(z) be the first derivative of -z**2/2 + 3*z - 1. Let x(h) = -p(h) + 2*q(h). Give x(v).
-2
Let o(h) = -14*h + 8*h + 5*h. Give o(-4).
4
Suppose 0 = -5*v + 11 - 1. Let o(y) = 6*y - 3. Determine o(v).
9
Let q(m) = -m - 1 + 0 - 4 - 1. Let w be q(-10). Let x(k) = -k**2 + 3*k + 4. What is x(w)?
0
Suppose 0 = 2*a - h - 8, a + 3*a - 5*h = 22. Suppose 4*v = -4*f, a*f + 4*v + v = 2. Let i = f + -2. Let t(l) = l + 4. Determine t(i).
1
Let h(t) = -6*t + 1. Suppose 4*r - c + 0*c = 10, r - 3*c = 8. Suppose -z - r*s + 1 = -4*s, z - s - 1 = 0. Determine h(z).
-5
Let k(h) = h**3 - 4*h**2 - 5*h + 3. Suppose -p - w + 72 = 0, -p + 2*w + 206 = 2*p. Suppose 2*r = 5*r - 15, -r + p = -5*f. Let a = f - -18. What is k(a)?
3
Suppose -5*v + 10 = -15. Let q(r) = v + 6*r + 0*r**2 - 4*r + 3*r + r**2. Determine q(-5).
5
Let i be (-5)/3 + 2/3. Let p(j) = -7*j - 2. Let z(x) = 217*x + 63. Let d(m) = 63*p(m) + 2*z(m). Determine d(i).
7
Suppose -5*o = -5*n + 25, 2*o + 5 = 3*n - 8. Suppose 3*s - 4*g = -14 + n, -5*g = -s. Let l(f) = f**3 + 4*f**2 - 7*f - 7. Give l(s).
3
Let g = -8 + 10. Let x(d) = 2*d - d - 7*d**2 + 5*d**g + 0*d**2. What is x(-1)?
-3
Let r be 10/4 - (-2)/(-4). Let y(m) = m + 46*m**2 - 24*m**2 - 21*m**2 - 2. Determine y(r).
4
Let d(v) be the second derivative of -v**5/20 + v**4/2 - 2*v**3/3 - v**2/2 - 5*v. Calculate d(5).
4
Let l(d) be the first derivative of -d**3/3 + d**2 - 3*d - 1. Suppose 2*f - b + 0*b - 6 = 0, -3*b - 6 = 0. Give l(f).
-3
Let z(d) = -d**2 + 3. Suppose -4*p + 3*p = -2*k + 9, -5*k + 15 = 0. Calculate z(p).
-6
Let y(m) = -m - 6. Let s be 2 - -1 - (-2 + 3). Suppose 0 = -s*p + 7*p - 50. Let u(o) = -o + 6. Let b be u(p). Calculate y(b).
-2
Let v(j) = -2*j**2 - 5*j - 3. Suppose 2*g = -2, g - 3 = -b + 2*b. Calculate v(b).
-15
Let t(p) = -p + 1. Let v(k) be the second derivative of -k**4/6 + k**2/2 - 2*k. Let y be v(1). What is t(y)?
2
Let j(g) = 2*g**2 - 7*g + 3. Let i(a) = a**2 - 3*a + 1. Let f(n) = -5*i(n) + 2*j(n). What is f(-4)?
-19
Suppose -4*v + 5 = -3*v. Suppose 3 + 2 = -v*r. Let z(w) = 7*w - 3. Let m(a) = -7*a + 4. Let f(q) = -4*m(q) - 5*z(q). Calculate f(r).
6
Let l(j) be the first derivative of 5*j**3 + 3*j**2/2 - 19*j + 7. Let h be (2/4)/(2/24). Let q(s) = 7*s**2 + s - 9. Let d(v) = h*l(v) - 13*q(v). What is d(5)?
3
Let b(i) = -8 + 21 - 4*i - 11 - 3*i**2 + 3*i. Calculate b(2).
-12
Let r(a) be the first derivative of -a**4/12 + 2*a**3/3 + 7*a**2/2 - a + 2. Let o(t) be the first derivative of r(t). Determine o(6).
-5
Let j be ((-4)/6)/(26/(-195)). Let o(v) = 10*v - 1. Let g(b) = b. Let m(l) = 18*g(l) - 2*o(l). Give m(j).
-8
Suppose -4*x = -3*q, -3*q - q = -3*x. Let z(c) = c**3 - 3 + 6*c - 2*c**3 + x + 0*c**3 + 4*c**2. Let i = 8 - 3. Determine z(i).
2
Let l = -27 - -32. Let o(z) = -z**3 + 6*z**2 - 2*z - 7. What is o(l)?
8
Let y = -2 + -2. Let n = 9 + y. Suppose -n*o + 8 = 18. Let s(t) = t**3 + 3*t**2 + 4*t + 3. Give s(o).
-1
Let j(m) = m + 0 + 2 + 2. Determine j(0).
4
Suppose 0 = -0*z - 3*z - 24. Let q = 14 + z. Let c(h) = h**2 - 5*h - 7. Calculate c(q).
-1
Let r be 90/(-21) - (-2)/7. Let g be ((-6)/4)/((-3)/r). Let w(j) = 2*j**3 + 3*j**2 + 2*j + 1. Determine w(g).
-7
Suppose 4*r - 4 = 0, 4*j + 3*r + 5 = 8*j. Let k(v) = 2*v + 1 - 3*v**2 - v + 2*v**j. Let d = -3 - -3. Give k(d).
1
Let v(r) be the second derivative of -3/2*r**2 + 0 - r + 1/3*r**3. Determine v(5).
7
Suppose 3*l - 2 - 7 = 0. Suppose -a + 12 = l*x, -3*a - 9 = -2*x - 4*a. Suppose -4*w + 13 = -9*w - 4*o, 0 = -x*o - 6. Let b(n) = 2*n**2 + n + 1. Determine b(w).
2
Let z(v) be the third derivative of v**5/60 + v**4/8 - v**3/2 - 31*v**2. What is z(-6)?
15
Let z = -1 - -1. Let w(l) = -l**3 - l + 4. Let n be w(z). Let s(f) = -f**2 + 4*f + 5. Calculate s(n).
5
Suppose -8*z - 51 + 67 = 0. Let k(r) = -16*r + 14. Let x(l) = l - 1. Let n(j) = -k(j) - 12*x(j). Calculate n(z).
6
Let u(q) = -6*q + 8. Let n(w) = -w. Let t(i) = 5*n(i) - u(i). Calculate t(6).
-2
Let s(i) = i**3 - 8*i + i + 0*i**3 - 5*i**2 - 1. What is s(6)?
-7
Let o(m) = -m - 1 - 2 + 1. Determine o(-2).
0
Let w = -8 - -29. Suppose 10 = -2*p + 5*l, l + w = 5*p - 0*l. Let m(j) = 0*j**2 - 2 + j**2 - p. Determine m(0).
-7
Let i = -13 - -15. Let w(q) = 2*q**2 - 3*q**i + q - 6*q + 2*q - 3. Suppose 3*l + 5 = z, 3 - 2 = -z. What is w(l)?
-1
Let p(l) be the first derivative of -l**6/180 - l**5/30 - l**4/24 - l**3 + 2. Let j(m) be the third derivative of p(m). Calculate j(-3).
-7
Let w(u) = -u**3 + 6*u**2 - u + 8. Let x = 7 + -7. Suppose x*z = -2*z + 12. Determine w(z).
2
Suppose 3*n - 4*t = 49, 0 = -2*n - n - 2*t + 25. Let c = -12 + n. Let u(z) = 10*z**3. Calculate u(c).
-10
Let t = -2 - -1. Let c(k) be the second derivative of k - 1/12*k**4 + 1/6*k**3 - 1/20*k**5 + 0 + 1/2*k**2. Determine c(t).
0
Let g = -34 + 38. Let x(m) = m**3 - 5*m**2 + m + 4. What is x(g)?
-8
Let w(d) = -7*d**2 + 2*d + 1. Let t(m) = -m**2 + 1. Let o(s) = 2*t(s) - w(s). Calculate o(1).
4
Suppose 3*m = -3*o - 3, o = 2*o + 3*m - 7. Let f(v) = 4*v - 15. Let w(a) = a - 1. Let c(b) = f(b) - 5*w(b). Calculate c(o).
-5
Let u(n) be the second derivative of 2*n + 2/3*n**3 + 1/12*n**4 - 2*n**2 + 0. Suppose 16 = -3*w - w. Determine u(w).
-4
Let t(r) = 3*r**3 - 4*r**2 + 4*r - 3. Let x = 2 - 0. What is t(x)?
13
Let j(y) be the first derivative of -3*y**4/4 - y**2 + y + 4. Calculate j(1).
-4
Let p(d) = -3*d + 3*d + 4*d - 3*d**2 - 4 - d**3. Suppose 4*z = 4*i - 12, 3*z = -z + 5*i - 11. Determine p(z).
-4
Let z = 65 + -59. Let d(y) be the third derivative of 1/120*y**z + 1/20*y**5 - 2*y**2 + 0*y**4 + 0 + 0*y + 2/3*y**3. Give d(-4).
-12
Let u(i) = -i**3 - 2*i**2 - 2. Let m(k) = k**2 + 8*k - 11. Let j be m(-9). Give u(j).
-2
Let r(y) = y**2 - 8*y + 6. Let w(m) = m**3 + 22*m**2 + 23*m + 50. Let p be w(-21). What is r(p)?
6
Let r(u) = -3*u + 1. Let z be 0 + (-6)/(-9)*3. Let w = z + -1. Suppose -w = 3*o + 2. Calculate r(o).
4
Let r(o) = -o**2 + 1. Let q(b) = 2*b**2 - 7*b - 7. Let z(p) = -q(p) - r(p). Give z(6).
12
Let n(g) = 2*g**2 - 1. Let d(w) = w**3 - 2*w**2 - w + 1. Let o(z) = -2*d(z) - 3*n(z). Give o(-2).
5
Let s(f) = 2*f**2 + 8*f + 32. Let j(d) = -3*d**2 - 12*d - 50. Let n(v) = -5*j(v) - 8*s(v). Suppose -3*l = -8*l - p - 25, -3*l - p = 17. Determine n(l).
-6
Let l(j) be the third derivative of -j**5/60 - j**4/12 + j**3/6 - 24*j**2. Determine l(-4).
-7
Let n(t) = -t**2 + 4*t - 4. Suppose -2*q + 18 = -4*r, 0 = -3*q + 2*q + 4*r + 13. Determine n(q).
-9
Let t(i) = -i**3 + 5*i**2 + i. Let l be t(5). Let y(k) = k - 6. Let d(v) = 9 - 3*v + 0 + 9. Let m(x) = -6*d(x) - 17*y(x). Give m(l).
-1
Let t(v) be the third derivative of -v**6/360 + v**5/20 - v**4/6 - v**3/2 - 2*v**2. Let w(p) be the first derivative of t(p). Wha